is 25 - (-14 + 37 - 4)?
6
(46 - 10 - 29) + -27
-20
What is the value of -14 - (1 + -11) - (-3 + 4 - -7)?
-12
Calculate (-6 - (5 + (-8 - 0)) - -4) + -21.
-20
-2 - ((-1 - 1) + (12 - (18 + -7)))
-1
Evaluate -7 + 16 - (35 - 30).
4
Calculate (3 - -25) + (-108 - -97).
17
What is -1 + (1 - 2 - -3) - (79 - 84)?
6
Calculate -13 + 0 + 32 + -39.
-20
Evaluate 21 - (-7 - (0 - 1 - 11)).
16
Evaluate (3 - (4 - -2)) + -6 + (2 - -2).
-5
Evaluate (-6 + 8 - -16) + -25.
-7
-5 + (-6 - -5) - 8 - 9
-23
What is the value of -12 - (-22 - (12 - 17))?
5
10 - (-11 - (-19 - (-16 - -6)))
12
(12 - 9) + 4 + -4
3
Evaluate -10 + -22 + 15 + 29.
12
What is the value of -25 + (38 - (-12 - -23))?
2
-52 + 13 + (2 - -8) - -9
-20
What is 7 + (-6 - (-2 - 21)) + -6?
18
What is the value of 6 - (1 - 7 - (8 + -9))?
11
What is the value of (-1 + -2 - (2 + -8)) + -200 + 208?
11
Evaluate (-23 - -3) + 0 + 9 - -3.
-8
What is 1 - (8 + -12 - (-8 - -4 - 0))?
1
3 - -30 - (43 + -10)
0
Evaluate -58 + 60 + (-9 - (-3 + 0)).
-4
What is 2 + -4 + 5 + -8 - 11?
-16
What is the value of (-8 + (0 - 3) + 5 - -8) + -14?
-12
17 - ((-15 - -26) + 1)
5
Calculate -1 + (11 - ((6 - -6) + -7)).
5
Evaluate 2 - (13 + -3) - (-5 - 0).
-3
-7 + (-34 + 19 - (-6 + 2))
-18
-3 - (12 + (5 - 5 - 22))
7
Evaluate (23 - (-12 + 8)) + -25.
2
Calculate -38 - (36 - 112) - 16.
22
What is -4 - (-6 + 6) - ((9 - 1) + -33)?
21
Evaluate 5 + 12 + -24 + (2 - 2).
-7
(10 + -32 - -5) + (1 - -4)
-12
Calculate 14 - 10 - 9 - -4.
-1
What is the value of 8 + (-1 - -15 - 24)?
-2
(20 - -3 - -3) + -14
12
0 + -5 + (0 + -2 - (-15 + -2))
10
What is the value of -8 - (56 - (55 + -26))?
-35
0 - -4 - (-17 - -23 - (6 - 9))
-5
What is 0 + -4 + -11 + 16 + -5?
-4
What is the value of 13 + -26 - (4 + -12 + -6)?
1
What is the value of (-3 - (0 + 4 + -2)) + -4 + 4?
-5
Calculate 0 + 0 + -1 - -2 - (-71 - -71).
1
Evaluate -1 + (10 - (25 + -14)) + (-6 - -1).
-7
What is the value of 29 + (-45 - -23) + -5?
2
What is -25 + (25 - 25 - 19) + (1 - -11)?
-32
9 - 2 - (92 + -96 - (3 + 0))
14
What is (3 - 12) + 9 - (-8 - -17)?
-9
Calculate 40 - (70 + (9 - 55)).
16
Calculate (3 - 5 - 7) + 1 + -7 + 9.
-6
Calculate -7 + (31 - (13 + 30)).
-19
Calculate 12 + 21 + -17 - -21.
37
Calculate 27 + (-75 - -27) + 14.
-7
What is the value of 2 + (-4 - ((-12 - -2) + 20))?
-12
What is the value of -59 + 77 - (2 + 25)?
-9
Calculate -24 - (0 + 2 + -19).
-7
Calculate (60 - 62) + (15 - -8).
21
Calculate (8 + 0 - 4) + -138 + 130.
-4
Evaluate -18 + (4 - -12 - (9 - 8)).
-3
-18 - (22 + -23 + 0)
-17
What is (-7 - (1 + 2) - -8) + -3 + -1?
-6
Calculate -1 + (-6 - 2) + (-5 - -2).
-12
(0 - 0 - 8) + 14 + 6
12
Calculate (14 - (-8 + 0 - -20)) + -1 + -9.
-8
Calculate (-1 - 11) + 7 + 1 + 29.
25
18 + -39 + (14 - 7) + 0 + -9
-23
What is the value of 18 + -5 + (0 - (-15 - -10))?
18
What is the value of 14 + (-4 - 14) + 6?
2
-9 + 26 + (-5 - 23)
-11
What is (5 - 36 - -18) + -3 + 39?
23
Evaluate -3 + 17 - ((2 - -9) + -10).
13
Evaluate (8 - (17 - 24)) + (0 - 3).
12
What is -2 - 5 - (-167 + 140)?
20
Evaluate 2 + (-13 - -4) - 2.
-9
Evaluate (7 + -3 + -3 + -5 - -9) + -6.
-1
What is -3 + (-2 - -1 - (-5 + 12))?
-11
Evaluate -22 - (-6 + -3) - (-58 - -18).
27
12 + 6 + 4 + -13 + 18
27
What is the value of (3 - 0) + -31 + 29 + 11?
12
Calculate -66 + 71 + (-9 - 0) - -23.
19
Evaluate -5 - (1 + -19 + -1) - 3.
11
Calculate (2 - -3) + -7 - -9.
7
Evaluate (-158 - -147) + (2 - -11) + (7 - 1).
8
-42 - (-9 - (79 + -19))
27
What is -1 - -9 - (11 + 2 + -5)?
0
8 + (36 - 78) - -33
-1
Calculate 213 - 237 - (-13 - -3).
-14
Calculate (32 - 40) + (0 - (-2 - -6)).
-12
-120 + 93 - (6 + -31)
-2
What is 38 - (8 - -14) - 3?
13
(1 - (10 + -31)) + 31 + -27
26
Evaluate -25 + 56 - 25 - -14.
20
Evaluate 29 + (-8 - 7) + -8.
6
What is 5 + -4 + 6 + (0 - 10)?
-3
6 + (26 - 25) + -27
-20
What is the value of -14 + 1 - (259 + -271)?
-1
Evaluate -40 + -7 + (0 - -28).
-19
Calculate (47 - 39) + (1 - -5).
14
What is the value of 0 - (34 + -29 + 3 + -11)?
3
Calculate 39 - 8 - (-40 - -53).
18
Calculate -6 - -8 - (18 + -15).
-1
(7 - 3) + -5 + -4 + 10 + 1
6
Calculate (10 - 1) + (0 - 10) - 13.
-14
(25 - 26) + 0 + (-1 - -5)
3
Evaluate (83 - 82) + -1 + 0 + -3 + 0.
-3
16 + (-48 + 15 + 5 - -8)
-4
What is 17 + -7 + -3 - 11?
-4
(9 - 1 - (0 + 2)) + 12 + -7
11
15 + 32 - 23 - -4
28
(-9 - (-9 + 18)) + 34
16
1 + -5 + (-2 - 5 - -1 - -24)
14
Evaluate -7 + (6 - (6 + 5)).
-12
Evaluate (6 - 11) + 4 + (15 - 2) + 0.
12
Calculate 28 + -12 + -4 - 0.
12
(-8 - -24) + -15 + 4 - (-2 + -20)
27
(14 - (7 + -2)) + (1 - 15)
-5
Calculate 1 - -7 - (-14 + 13 - -5).
4
What is 9 + 6 + -14 + 3 - (-5 - 0)?
9
What is -3 + (-9 + 16 - (5 + -6)) - -7?
12
Calculate -3 + (-6 - 1) + 35 + -47 + 18.
-4
(-1 - -4) + (-5 - -4) + (917 - 928)
-9
Evaluate 177 + -178 + -2 + 3 + -5 + 2.
-3
Calculate -11 + 15 + -8 + -3 + -9 + 10.
-6
What is the value of 7 + 0 + -4 + 1 + 2 + -6?
0
What is the value of (1 - 10) + 0 + 30 - 0?
21
Calculate 0 + 5 + 530 + -562.
-27
Calculate 1 + (-16 + -12 - -16).
-11
Calculate 3 + (0 - (-6 + 20 - 8)).
-3
Evaluate -3 + 2 + 6 + (4 - 2).
7
Calculate -23 - ((-11 + 0 - -1) + 0 + 3).
-16
What is the value of 22 - (48 - 13) - -4?
-9
What is the value of 14 + (-13 - (-13 + (4 - 18)))?
28
Evaluate (6 - -7) + -10 + 1 + 1 + 0.
5
What is the value of 7 + -8 + (5 - 1 - (19 - 15))?
-1
Evaluate 12 + 16 + -44 + 10.
-6
(-1 - -5) + (-22 - (2 - (-4 - 11)))
-35
Evaluate 21 + -26 - (-34 + 61).
-32
Evaluate 2 + (-2 + 3 - -4) + (-10 - 6).
-9
Evaluate (-3 + 52 - 28) + (-2 + -2 - -1).
18
Evaluate 11 - (7 + -2 + 5 + -34 + 18).
17
Calculate -4 - -9 - -20 - (15 + 0 + -5).
15
Calculate 18 - (2 + 12 + 18 + -25).
11
6 + -5 + -2 + -5
-6
What is -4 + (5 - -6) + -23 - -11?
-5
Evaluate 30 + 17 + -7 - (11 - -2).
27
Calculate -7 + (12 + (-5 + 4 - 1) - 7).
-4
What is -29 + -1 + -62 + 80?
-12
-11 + 18 + 4 + -25
-14
4 + (6 + 4 - 7) + 5
12
Evaluate -29 + (38 - -6) - 4.
11
What is -12 + 10 + (-7 - -5)?
-4
Calculate 67 + -9 + 21 + -49.
30
-10 + (-9 - -5) + 10 - -7
3
What is -1 - 5 - -4 - (29 - 13)?
-18
Calculate 4 + (-10 - (-18 + 6)).
6
-23 + 17 - (-3 + -9 + 10 + -4)
0
What is 6 + 2 + (22 - 21) + -17?
-8
What is the value of -6 - -7 - (-1 + -2 + -2 - 5)?
11
What is the value of (-3 - 8) + -6 + 3 + -4 + 2?
-16
Calculate 1 + (-9 - 14) + 9 + 0 + -8.
-21
Calculate 9 - (-7 + 11 + 8) - 0.
-3
Evaluate 3 + (10 - -7 - (0 - -3)).
17
Calculate -6 - (-13 + 0 + (2 - (3 + -4))).
4
What is the value of 446 - 447 - (-14 + 0)?
13
Calculate 8 + (-7 - 16 - -6) - (2 - -2).
-13
-9 - (12 - (8 + -1)) - (-9 - -18)
-23
What is 23 + -51 + 14 + 0?
-14
What is the value of (-5 - (-2 - -4)) + 6 + 9 + 8?
16
What is (3 - 29) + -81 + 95?
-12
Evaluate (1 + -2 - 28) + (-115 - -129).
-15
Evaluate 9 - (-9 - (-14 + 0 + 9)).
13
Calculate -52 + (23 - (-60 - -40)).
-9
What is (8 - 2) + -8 + 10 + (-6 - -5)?
7
Evaluate (2 - 0) + (9 - ((2 - -3) + -5)).
11
What is the value of -6 + 21 + 6 + (1 - 0)?
22
7 + (3 - 20) + 22
12
23 - ((8 - (-2 - -11)) + -9 + 19)
14
What is 2 + (-2 - -2) + -3 + 3 - 9?
-7
-28 - -28 - (8 + -1 + 2)
-9
What is the value of (3 - -5 - (-28 - -39)) + 2?
-1
What is 0 + 6 + (-15 - 1) - (1 + -1)?
-10
What is (4 - (23 + -2) - -5) + (-4 - -4)?
-12
Evaluate -9 - (2 + (-6 + -3 - -2) + -1).
-3
Evaluate 3 + -7 - (2 + (6 - 21) + 7).
2
Evaluate -4 + 3 + -8 + 16.
7
Calculate 0 + 0 + 4 - (60 + -25 - 11).
-20
What is (-12 - -5 - -8) + -1?
0
What is (2 - -2) + -16 + 6?
-6
0 + 4 + 6 - 4 - (0 - 7)
13
What is the value of -1 + -1 - (7 - ((2 - 2) + 9))?
0
Calculate 11 + (-14 - 7) - -18.
8
Calculate (5 - 3) + 6 - (-5 - -6).
7
Calculate (-90 - -61) + (0 + 1 - -2) - 3.
-29
Calculate 0 - -26 - (-204 - -240).
-10
Calculate -15 + 111 + -56 + (-13 - 0).
27
Evaluate (-35 - -34) + 10 + (-7 - -4).
6
(1 - -21) + (-62 - -72 - 21)
11
What is the value of -8 + -20 + (-6 - -27)?
-7
Evaluate 13 + -3 + (8 - (18 - 16)).
16
Calculate 35 + -4 + -20 + 5.
16
Calculate 2 + 7 - -2 - (3 - 4).
12
(0 - -16) + (-103 - -87)
0
What is the value of -1 + (20 - 30) - -18?
7
What is 9 - (9 - (-4 + (4 - -8)))?
8
What is the value of -12 + 1 + (17 - 16) - (1 + 0)?
-11
Evaluate -18 + (28 - (16 - 2)).
-4
What is 10 + 12 + (10 - 21) + 11?
22
14 + (14 - 36) + 19
11
Evaluate -1 - -1 - (16 - (20 + -17)).
-13
What is -1 - 0 - (-49 + 45) - 26?
-23
Evaluate -27 + -3 + 3 + -12 + 16.
-23
Calculate -1 + -15 + (-24 - (-85 - 